 the thousands digit of 12137?
2
What is the tens digit of 39604?
0
What is the hundreds digit of 1674?
6
What is the units digit of 340?
0
What is the tens digit of 149804?
0
What is the hundreds digit of 6942?
9
What is the hundreds digit of 8921?
9
What is the tens digit of 111014?
1
What is the units digit of 702?
2
What is the tens digit of 771?
7
What is the thousands digit of 39104?
9
What is the units digit of 775?
5
What is the tens digit of 61?
6
What is the units digit of 2553?
3
What is the units digit of 23218?
8
What is the tens digit of 150?
5
What is the thousands digit of 1352?
1
What is the tens digit of 17739?
3
What is the ten thousands digit of 24362?
2
What is the hundreds digit of 1567?
5
What is the units digit of 2395?
5
What is the units digit of 9410?
0
What is the units digit of 21964?
4
What is the tens digit of 1057?
5
What is the tens digit of 43487?
8
What is the hundreds digit of 98161?
1
What is the hundreds digit of 696?
6
What is the ten thousands digit of 91558?
9
What is the ten thousands digit of 57240?
5
What is the hundreds digit of 387?
3
What is the tens digit of 31999?
9
What is the units digit of 1177?
7
What is the thousands digit of 1135?
1
What is the units digit of 1004?
4
What is the thousands digit of 4673?
4
What is the units digit of 38955?
5
What is the units digit of 119884?
4
What is the tens digit of 60657?
5
What is the thousands digit of 1422?
1
What is the units digit of 16348?
8
What is the thousands digit of 2676?
2
What is the units digit of 14201?
1
What is the units digit of 2476?
6
What is the hundreds digit of 2809?
8
What is the tens digit of 755?
5
What is the thousands digit of 1018?
1
What is the tens digit of 33307?
0
What is the hundreds digit of 813?
8
What is the hundreds digit of 3215?
2
What is the units digit of 4611?
1
What is the tens digit of 9219?
1
What is the units digit of 10176?
6
What is the thousands digit of 14306?
4
What is the thousands digit of 14597?
4
What is the ten thousands digit of 128374?
2
What is the units digit of 76089?
9
What is the hundred thousands digit of 110852?
1
What is the thousands digit of 1230?
1
What is the units digit of 2465?
5
What is the units digit of 782?
2
What is the ten thousands digit of 16747?
1
What is the units digit of 22351?
1
What is the tens digit of 48370?
7
What is the units digit of 12893?
3
What is the units digit of 21188?
8
What is the ten thousands digit of 29188?
2
What is the tens digit of 570?
7
What is the tens digit of 7427?
2
What is the units digit of 608?
8
What is the hundreds digit of 27891?
8
What is the tens digit of 7562?
6
What is the units digit of 166833?
3
What is the tens digit of 91?
9
What is the tens digit of 1048?
4
What is the hundreds digit of 9934?
9
What is the units digit of 397?
7
What is the units digit of 8125?
5
What is the units digit of 16?
6
What is the thousands digit of 31610?
1
What is the tens digit of 757?
5
What is the hundreds digit of 291?
2
What is the tens digit of 5259?
5
What is the units digit of 2530?
0
What is the units digit of 332?
2
What is the hundreds digit of 9707?
7
What is the ten thousands digit of 51863?
5
What is the units digit of 6803?
3
What is the units digit of 204?
4
What is the units digit of 280?
0
What is the hundreds digit of 259?
2
What is the hundreds digit of 289?
2
What is the hundreds digit of 12591?
5
What is the thousands digit of 1315?
1
What is the tens digit of 3764?
6
What is the thousands digit of 14480?
4
What is the tens digit of 545?
4
What is the tens digit of 261?
6
What is the tens digit of 2491?
9
What is the units digit of 191?
1
What is the thousands digit of 7488?
7
What is the hundreds digit of 266?
2
What is the hundreds digit of 3454?
4
What is the hundreds digit of 4874?
8
What is the ten thousands digit of 18743?
1
What is the hundreds digit of 3948?
9
What is the tens digit of 7292?
9
What is the thousands digit of 10695?
0
What is the tens digit of 1536?
3
What is the hundreds digit of 113726?
7
What is the hundreds digit of 1241?
2
What is the tens digit of 832?
3
What is the hundreds digit of 1072?
0
What is the thousands digit of 17267?
7
What is the ten thousands digit of 10785?
1
What is the thousands digit of 4155?
4
What is the ten thousands digit of 34773?
3
What is the units digit of 872?
2
What is the hundreds digit of 4448?
4
What is the thousands digit of 4473?
4
What is the hundreds digit of 681?
6
What is the hundreds digit of 8966?
9
What is the tens digit of 43420?
2
What is the hundreds digit of 3034?
0
What is the hundreds digit of 465?
4
What is the units digit of 6795?
5
What is the hundreds digit of 1419?
4
What is the tens digit of 838?
3
What is the thousands digit of 6844?
6
What is the thousands digit of 70818?
0
What is the tens digit of 12005?
0
What is the ten thousands digit of 17956?
1
What is the hundreds digit of 5285?
2
What is the units digit of 39148?
8
What is the hundreds digit of 661?
6
What is the tens digit of 145692?
9
What is the hundreds digit of 1535?
5
What is the thousands digit of 17139?
7
What is the units digit of 2701?
1
What is the units digit of 519?
9
What is the tens digit of 84536?
3
What is the tens digit of 866?
6
What is the units digit of 56864?
4
What is the hundreds digit of 1154?
1
What is the tens digit of 23112?
1
What is the hundreds digit of 2316?
3
What is the tens digit of 1381?
8
What is the units digit of 6596?
6
What is the thousands digit of 121460?
1
What is the units digit of 17284?
4
What is the hundreds digit of 18279?
2
What is the units digit of 2137?
7
What is the thousands digit of 2782?
2
What is the units digit of 688?
8
What is the tens digit of 21757?
5
What is the hundreds digit of 52022?
0
What is the tens digit of 406?
0
What is the tens digit of 62?
6
What is the thousands digit of 2812?
2
What is the units digit of 88729?
9
What is the tens digit of 5903?
0
What is the hundreds digit of 2913?
9
What is the ten thousands digit of 28853?
2
What is the tens digit of 1991?
9
What is the units digit of 2908?
8
What is the units digit of 2?
2
What is the hundreds digit of 2181?
1
What is the units digit of 118335?
5
What is the tens digit of 154170?
7
What is the tens digit of 1927?
2
What is the thousands digit of 1077?
1
What is the units digit of 2331?
1
What is the hundreds digit of 3433?
4
What is the thousands digit of 18631?
8
What is the thousands digit of 1877?
1
What is the tens digit of 3448?
4
What is the tens digit of 4511?
1
What is the units digit of 1544?
4
What is the tens digit of 342?
4
What is the units digit of 10445?
5
What is the hundreds digit of 3136?
1
What is the units digit of 8749?
9
What is the hundreds digit of 965?
9
What is the tens digit of 13784?
8
What is the tens digit of 2078?
7
What is the units digit of 1837?
7
What is the hundreds digit of 6877?
8
What is the hundreds digit of 430?
4
What is the tens digit of 653?
5
What is the tens digit of 49999?
9
What is the thousands digit of 7233?
7
What is the tens digit of 6878?
7
What is the ten thousands digit of 20657?
2
What is the units digit of 589?
9
What is the units digit of 764?
4
What is the ten thousands digit of 40102?
4
What is the units digit of 84946?
6
What is the thousands digit of 5920?
5
What is the tens digit of 28234?
3
What is the hundreds digit of 110000?
0
What is the tens digit of 63?
6
What is the hundreds digit of 10231?
2
What is the thousands digit of 116624?
6
What is the thousands digit of 11672?
1
What is the hundreds digit of 1208?
2
What is the thousands digit of 50436?
0
What is the ten thousands digit of 78774?
7
What is the hundreds digit of 4595?
5
What is the thousands digit of 14923?
4
What is the hundreds digit of 107921?
9
What is the tens digit of 2490?
9
What is the units digit of 21296?
6
What is the tens digit of 98776?
7
What is the tens digit of 4544?
4
What is the thousands digit of 8065?
8
What is the units digit of 304?
4
What is the tens digit of 26913?
1
What is the tens digit of 2774?
7
What is the hundreds digit of 91686?
6
What is the hundreds digit of 1218?
2
What is the units digit of 39943?
3
What is the hundreds digit of 2035?
0
What is the tens digit of 48641?
4
What is the tens d